 prime factors of 180301.
11, 37, 443
List the prime factors of 1432260.
2, 3, 5, 73, 109
What are the prime factors of 45574?
2, 22787
What are the prime factors of 14628904?
2, 79, 293
What are the prime factors of 2361982?
2, 7, 168713
List the prime factors of 214130.
2, 5, 7, 19, 23
What are the prime factors of 8540200?
2, 5, 42701
What are the prime factors of 1415976?
2, 3, 41, 1439
What are the prime factors of 2169391?
7, 479, 647
What are the prime factors of 697435?
5, 139487
What are the prime factors of 4664044?
2, 7, 11, 19, 797
What are the prime factors of 86329?
131, 659
List the prime factors of 201513.
3, 13, 5167
List the prime factors of 1747151.
7, 249593
List the prime factors of 289456.
2, 79, 229
List the prime factors of 4317571.
4317571
List the prime factors of 755264.
2, 11801
What are the prime factors of 13381000?
2, 5, 13381
What are the prime factors of 612108?
2, 3, 7, 347
List the prime factors of 797834.
2, 398917
What are the prime factors of 9268560?
2, 3, 5, 7, 613
What are the prime factors of 3909?
3, 1303
What are the prime factors of 12342507?
3, 701, 5869
List the prime factors of 1017255.
3, 5, 73, 929
List the prime factors of 14663975.
5, 97, 6047
List the prime factors of 1192599.
3, 132511
What are the prime factors of 5243885?
5, 23, 45599
What are the prime factors of 397773?
3, 193, 229
What are the prime factors of 794290?
2, 5, 7, 1621
List the prime factors of 13723757.
19, 29, 24907
What are the prime factors of 1032679?
1032679
What are the prime factors of 363034?
2, 7, 25931
List the prime factors of 4952654.
2, 7, 19, 43, 433
List the prime factors of 1103692.
2, 275923
List the prime factors of 1359293.
13, 104561
List the prime factors of 368568.
2, 3, 5119
What are the prime factors of 629909?
7, 29, 107
List the prime factors of 5223116.
2, 23, 56773
What are the prime factors of 6553621?
6553621
What are the prime factors of 725198?
2, 362599
List the prime factors of 813151.
83, 97, 101
List the prime factors of 3978594.
2, 3, 67, 3299
List the prime factors of 4989238.
2, 47, 53077
List the prime factors of 2410130.
2, 5, 241013
What are the prime factors of 1586171?
157, 10103
List the prime factors of 3286052.
2, 7, 11, 47, 227
What are the prime factors of 1244118?
2, 3, 101, 2053
What are the prime factors of 71044?
2, 17761
What are the prime factors of 115990?
2, 5, 7, 1657
What are the prime factors of 9472293?
3, 283, 3719
List the prime factors of 2296125.
3, 5, 13, 157
List the prime factors of 13909654.
2, 11, 632257
List the prime factors of 16238352.
2, 3, 13, 53, 491
List the prime factors of 1196477.
17, 70381
What are the prime factors of 3625503?
3, 7, 172643
List the prime factors of 11409956.
2, 19, 150131
List the prime factors of 8717756.
2, 373, 5843
List the prime factors of 8543500.
2, 5, 7, 2441
List the prime factors of 13054553.
29, 101, 4457
List the prime factors of 304022.
2, 71, 2141
List the prime factors of 195560.
2, 5, 4889
What are the prime factors of 319466?
2, 7, 19, 1201
List the prime factors of 4864631.
251, 19381
What are the prime factors of 262675?
5, 7, 19, 79
What are the prime factors of 2583744?
2, 3, 13457
List the prime factors of 260817.
3, 86939
List the prime factors of 121054.
2, 60527
What are the prime factors of 1962119?
1962119
List the prime factors of 15520766.
2, 311, 24953
List the prime factors of 4172271.
3, 1390757
List the prime factors of 116607.
3, 47, 827
What are the prime factors of 967466?
2, 483733
List the prime factors of 1156026.
2, 3, 23, 8377
What are the prime factors of 5237142?
2, 3, 43, 53, 383
List the prime factors of 1360557.
3, 11, 509
List the prime factors of 222171.
3, 103, 719
What are the prime factors of 230806?
2, 37, 3119
List the prime factors of 2645134.
2, 181, 7307
List the prime factors of 358643.
29, 83, 149
What are the prime factors of 1982346?
2, 3, 19, 17389
List the prime factors of 11522210.
2, 5, 7, 241, 683
List the prime factors of 743272.
2, 53, 1753
List the prime factors of 583923.
3, 59, 3299
List the prime factors of 328573.
7, 73, 643
List the prime factors of 169089.
3, 157, 359
What are the prime factors of 1041786?
2, 3, 31, 1867
What are the prime factors of 522922?
2, 47, 5563
What are the prime factors of 9154943?
7, 23, 101, 563
What are the prime factors of 646276?
2, 161569
What are the prime factors of 318114?
2, 3, 43, 137
List the prime factors of 268113.
3, 89371
What are the prime factors of 2443999?
2443999
What are the prime factors of 1749308?
2, 11, 83, 479
What are the prime factors of 681544?
2, 85193
List the prime factors of 2428008.
2, 3, 11, 17, 541
What are the prime factors of 8596963?
23, 29, 12889
List the prime factors of 2104437.
3, 701479
What are the prime factors of 2355175?
5, 94207
List the prime factors of 959805.
3, 5, 7, 11, 277
What are the prime factors of 20784176?
2, 7, 19, 9767
List the prime factors of 566220.
2, 3, 5, 9437
What are the prime factors of 666969?
3, 222323
What are the prime factors of 6022761?
3, 53, 37879
What are the prime factors of 12196260?
2, 3, 5, 67757
What are the prime factors of 16306916?
2, 4076729
What are the prime factors of 3541052?
2, 885263
What are the prime factors of 314370?
2, 3, 5, 7, 499
List the prime factors of 521691.
3, 173897
List the prime factors of 11037666.
2, 3, 1839611
List the prime factors of 71156.
2, 17789
List the prime factors of 420219.
3, 46691
List the prime factors of 349257.
3, 47, 2477
List the prime factors of 2418124.
2, 31, 19501
What are the prime factors of 835966?
2, 417983
What are the prime factors of 10115606?
2, 29, 174407
What are the prime factors of 803363?
11, 199, 367
What are the prime factors of 1928619?
3, 7, 11, 23
List the prime factors of 3210594.
2, 3, 535099
What are the prime factors of 2017282?
2, 41, 73, 337
What are the prime factors of 1780603?
11, 161873
List the prime factors of 204768.
2, 3, 79
List the prime factors of 2245460.
2, 5, 7, 43, 373
List the prime factors of 129611.
31, 37, 113
List the prime factors of 6878295.
3, 5, 152851
What are the prime factors of 2589925?
5, 13, 613
What are the prime factors of 124530?
2, 3, 5, 7, 593
What are the prime factors of 23505120?
2, 3, 5, 5441
What are the prime factors of 433249?
433249
List the prime factors of 2522018.
2, 17, 74177
What are the prime factors of 752932?
2, 19, 9907
What are the prime factors of 383469?
3, 17, 73, 103
List the prime factors of 3338260.
2, 5, 83, 2011
What are the prime factors of 403548?
2, 3, 33629
What are the prime factors of 1389728?
2, 137, 317
What are the prime factors of 2227071?
3, 7, 11, 31, 311
List the prime factors of 552625.
5, 4421
What are the prime factors of 1910276?
2, 61, 7829
What are the prime factors of 243831?
3, 7, 17, 683
List the prime factors of 340499.
19, 17921
What are the prime factors of 3852336?
2, 3, 17, 4721
List the prime factors of 23926958.
2, 11, 1087589
What are the prime factors of 2649071?
23, 149, 773
List the prime factors of 17826909.
3, 23, 29, 59, 151
List the prime factors of 145156.
2, 11, 3299
What are the prime factors of 41959?
41959
List the prime factors of 618231.
3, 206077
What are the prime factors of 11480348?
2, 11, 113, 2309
List the prime factors of 8839695.
3, 5, 433, 1361
What are the prime factors of 355092?
2, 3, 127, 233
What are the prime factors of 377975?
5, 13, 1163
List the prime factors of 831929.
7, 17, 6991
What are the prime factors of 1310405?
5, 137, 1913
List the prime factors of 1106541.
3, 19, 719
List the prime factors of 2644262.
2, 59, 22409
What are the prime factors of 1312553?
11, 17, 7019
What are the prime factors of 212509?
11, 19319
What are the prime factors of 8816767?
37, 238291
What are the prime factors of 2675642?
2, 107, 12503
List the prime factors of 11469576.
2, 3, 477899
List the prime factors of 4033736.
2, 7, 72031
What are the prime factors of 972603?
3, 53, 2039
What are the prime factors of 681033?
3, 227011
What are the prime factors of 23446147?
3329, 7043
What are the prime factors of 29471417?
113, 260809
List the prime factors of 251579.
19, 13241
What are the prime factors of 460957?
7, 65851
What are the prime factors of 86303?